{"id":62,"date":"2022-12-28T17:30:42","date_gmt":"2022-12-28T17:30:42","guid":{"rendered":"https:\/\/www.psychoterapia-olsztyn.com\/?page_id=60"},"modified":"2026-01-06T10:29:40","modified_gmt":"2026-01-06T10:29:40","slug":"kontakt","status":"publish","type":"page","link":"https:\/\/psycholog-olsztyn.com\/index.php\/kontakt\/","title":{"rendered":"Kontakt"},"content":{"rendered":"\n<p>Adres:<\/p>\n\n\n\n<p>Gabinet Psychoterapii \u0141ukasz Karasi\u0144ski<br>ul. Kanta,  10-691 Olsztyn (dok\u0142adny adres podaj\u0119 po um\u00f3wieniu wizyty)<\/p>\n\n\n\n<p>telefon: <strong>+48 883-132-947<\/strong> (prosz\u0119 o SMS)<\/p>\n\n\n\n<p>e-mail L.KARASINSKI (AT) OUTLOOK.COM<\/p>\n\n\n\n<iframe src=\"https:\/\/www.google.com\/maps\/embed?pb=!1m18!1m12!1m3!1d2357.433680011362!2d20.486583915665214!3d53.78176844970819!2m3!1f0!2f0!3f0!3m2!1i1024!2i768!4f13.1!3m3!1m2!1s0x46e27f5a0aa9b125%3A0xcab3668557684494!2sGabinet%20Psychoterapii%20%C5%81ukasz%20Karasi%C5%84ski!5e0!3m2!1spl!2spl!4v1672248578706!5m2!1spl!2spl\" width=\"600\" height=\"450\" style=\"border:0;\" allowfullscreen=\"\" loading=\"lazy\" referrerpolicy=\"no-referrer-when-downgrade\"><\/iframe>\n","protected":false},"excerpt":{"rendered":"<p>Adres: Gabinet Psychoterapii \u0141ukasz Karasi\u0144skiul. Kanta, 10-691 Olsztyn (dok\u0142adny adres podaj\u0119 po um\u00f3wieniu wizyty) telefon: +48 883-132-947 (prosz\u0119 o SMS) e-mail L.KARASINSKI (AT) OUTLOOK.COM<\/p>\n","protected":false},"author":2,"featured_media":0,"parent":0,"menu_order":0,"comment_status":"closed","ping_status":"closed","template":"","meta":{"footnotes":""},"class_list":["post-62","page","type-page","status-publish","hentry"],"_links":{"self":[{"href":"https:\/\/psycholog-olsztyn.com\/index.php\/wp-json\/wp\/v2\/pages\/62","targetHints":{"allow":["GET"]}}],"collection":[{"href":"https:\/\/psycholog-olsztyn.com\/index.php\/wp-json\/wp\/v2\/pages"}],"about":[{"href":"https:\/\/psycholog-olsztyn.com\/index.php\/wp-json\/wp\/v2\/types\/page"}],"author":[{"embeddable":true,"href":"https:\/\/psycholog-olsztyn.com\/index.php\/wp-json\/wp\/v2\/users\/2"}],"replies":[{"embeddable":true,"href":"https:\/\/psycholog-olsztyn.com\/index.php\/wp-json\/wp\/v2\/comments?post=62"}],"version-history":[{"count":3,"href":"https:\/\/psycholog-olsztyn.com\/index.php\/wp-json\/wp\/v2\/pages\/62\/revisions"}],"predecessor-version":[{"id":138,"href":"https:\/\/psycholog-olsztyn.com\/index.php\/wp-json\/wp\/v2\/pages\/62\/revisions\/138"}],"wp:attachment":[{"href":"https:\/\/psycholog-olsztyn.com\/index.php\/wp-json\/wp\/v2\/media?parent=62"}],"curies":[{"name":"wp","href":"https:\/\/api.w.org\/{rel}","templated":true}]}}